14, 0 = 4*g - 14 + 2. Let x = -6 - -6. Let n(p) = p**3 + x*p**2 - 2 - 3*p - 4 - 4*p**2 + 3. What is n(m)?
7
Let t(j) be the first derivative of j**2/2 + j + 1. Let o be (-50)/5 + 3 + -2 + 2. Calculate t(o).
-6
Let d(j) be the first derivative of -3 + 2/3*j**3 + 1/4*j**4 + 3*j - 3/2*j**2. What is d(-3)?
3
Let k(r) = 20 - 4*r**3 - 7*r + 5*r**2 + 5*r**3 + 12*r - 18. Let w(o) = -o - 2. Let z be (-1 - 2)*(-4)/6. Let u be w(z). Calculate k(u).
-2
Let m(u) = u**2 + 7*u + 1. Let n(a) be the third derivative of -a**4/24 - a**3 + a**2. Let w be n(-5). Let k be w*2/(4/10). Calculate m(k).
-9
Let m(p) = -p + 6. Suppose 3*n - 18 = -a, -4*n + 6 + 2 = -4*a. Calculate m(a).
3
Suppose 2*l + 3 - 12 = -w, 4*w - l = 9. Suppose -3 + 0 = -w*g. Let m(p) = -5*p. Calculate m(g).
-5
Let o(b) be the first derivative of 1 - 3/2*b**2 - 2*b. Determine o(-2).
4
Let q(p) = -p**3 + 8*p**2 + p + 9. Let a(c) = 2*c**3 - 17*c**2 - 3*c - 19. Let i(d) = -3*a(d) - 7*q(d). Suppose -4*k + 21 - 3 = 2*t, 5*k - 15 = -t. Give i(t).
4
Let a = -12 + 21. Let x = a + -6. Let q(u) = x*u**2 - 3 + 4*u - 5*u**2 + 3*u**2 + 0*u. What is q(-5)?
2
Let i(f) = -f - 3. Let a be i(-5). Suppose 5 = -u + o - a*o, 3*u + 16 = -4*o. Let c(n) = -n**3 - 3*n**2 + 4*n + 5. What is c(u)?
5
Let m(j) be the second derivative of j**3/3 - j**2 - 2*j. Suppose -4*u + u + 6 = 0. Suppose -u*i - 12 = -5*i. What is m(i)?
6
Let o(f) = -3 + 10*f - 5*f - 3*f + 3*f. Calculate o(2).
7
Let w(m) = m**3 + 5*m**2 + 2*m - 1. Suppose 2*v - 4*y = -14, -2 = -4*y + 3*y. Let l = v - -3. Suppose 4 = -b - l. Determine w(b).
7
Let z(u) be the third derivative of -u**6/120 + u**5/20 + u**3/2 - u**2. Suppose 5 = s - 0. Suppose v + 29 = 3*k + 5*v, -s*v + 28 = k. Give z(k).
3
Let t(a) = a + 8. Let p(k) = -k**2 + 14*k + 7. Let r be p(13). Suppose -6*w + w - r = 0, 4*d + 3*w + 28 = 0. Give t(d).
4
Let j(l) be the first derivative of -l**4/4 - 2*l**3/3 - l**2 - 4*l - 22. What is j(-3)?
11
Suppose 0 = 5*u - 0*u + 10. Let a be (u + (-28)/(-10))*20. Suppose y + 5*h + 2 = -0, 4*y = 4*h + a. Let l(f) = -f**2 + 3*f + 3. What is l(y)?
3
Suppose -k - 4*d = 6 + 13, -3*k + d = -8. Let p(n) = -k - 2 + 0 + 3*n + n**2. Let w(r) = -7*r**2 - 90*r + 8. Let x be w(-13). Give p(x).
7
Let m(k) be the second derivative of k**4/12 - 5*k**2/2 + 11*k. What is m(0)?
-5
Let a(z) be the third derivative of -z**7/5040 + z**6/360 - z**5/20 - 3*z**2. Let o(b) be the third derivative of a(b). Suppose -5*t = -t - 8. Calculate o(t).
0
Let g(p) = -10*p**2 + p + 1. Let u(m) = m**2 + 2*m - 4. Let d be u(-3). Let r be d - (-5)/(15/6). Suppose 0*f = -f - r. Determine g(f).
-10
Suppose v = -3*v - 4, 8 = 5*r - 3*v. Let c(y) = 1. Let i(j) = -j**2 + 7*j - 5. Let o(n) = r*i(n) - c(n). Give o(5).
4
Let d(b) = 9 - 26 + 20 - 2*b + b. Calculate d(7).
-4
Suppose -4*d + 1 = -27. Let g(k) = k**2 - 6*k - 6. What is g(d)?
1
Let g(l) = l - 3. Let q be g(6). Let t(v) = -q*v**2 + v**3 + 0*v**3 - 3*v**2 + 6*v. Let s(p) = p**2 - 5*p - 9. Let n be s(7). Give t(n).
5
Let g = -73 + 71. Let l(j) = -2*j**3 + 3*j**2 - 2*j + 5. Let o(q) = q**3 - 3*q**2 + q - 4. Let z(y) = 3*l(y) + 4*o(y). Give z(g).
7
Let z(v) = 2*v - 2 + v - 4*v. Suppose o + 3*m + 1 = 0, -5*o = 2*m - 9 + 1. What is z(o)?
-4
Let b = -5 + 7. Let l(w) = w**3 + 5*w**b - w**3 - 2*w - 4 + 1 - w**3. Calculate l(4).
5
Let u be (-24)/10 + (-27)/45. Let r(v) = -4*v**2 + v**2 - 4*v**3 + 2*v + 3*v**3. Give r(u).
-6
Suppose 0*u - 4*u = 0. Let o be 1 - (-2)/(2 + u). Let f(z) = -3*z - 1. Calculate f(o).
-7
Let z(w) be the first derivative of w**4/4 + w**3/3 + w**2/2 - w + 2. Let h(j) = 2*j - 2. Let q(l) = h(l) - z(l). What is q(1)?
-2
Suppose 4*a - 20 = -a. Let t(v) = v**2 - 3*v + 2. Determine t(a).
6
Let s = 8 - 5. Let u be (1 + 0)*(2 + 4). Suppose -16 = s*z - u*z + v, 4*v = -z + 1. Let y(p) = p**2 - 4*p. Give y(z).
5
Let s = 5 - 2. Let q(w) = 2*w**2 + 3*w**2 + s*w + 2*w**2 - w**2 + w**3 - 4. Let p(b) = -b**2 - 2*b - 2. Let f be p(-3). What is q(f)?
6
Let a(u) = 7*u - 4. Let w(q) = q**2 + 3*q - 37. Let p be w(-8). Give a(p).
17
Let h(m) be the first derivative of -4/3*m**3 - 2*m**2 - 1/4*m**4 - 6*m + 3. Let v = 5 - 9. Give h(v).
10
Suppose -4*q + 2*q = -18. Let u(a) = a**2 - 8*a - 2. Give u(q).
7
Suppose -8 = m - 3*m. Let f(a) = a**3 - 3*a**2 - 3*a + 2. Give f(m).
6
Let l be (-102)/24 - (-9)/(-12). Let t(p) = -3*p - 11. Let v(i) = -5*i - 16. Let j(n) = l*v(n) + 7*t(n). Determine j(-2).
-5
Let s(h) = 2*h - 8. Let l be 3 - (3 + 0 + -8). Determine s(l).
8
Let m(z) = -11*z**2 - 3*z + 13. Let y(g) = 5*g**2 + 2*g - 6. Suppose -5 - 7 = 3*l. Let r(v) = l*m(v) - 9*y(v). What is r(-6)?
2
Let o(j) = j**3 - 6. Let q(x) = 18*x - 1. Let c be q(-1). Let z = c - -39. Suppose -4*n = -4*p + 20, 2*p + 4*n = -3*p - z. Give o(p).
-6
Let l(i) = -i**3 - 6*i**2 - 6*i + 7. Let q be (25/(-5))/(-3 - -4). Give l(q).
12
Let x(t) = 10*t + 1. Suppose -5*o + 3*g - 7 = 0, 0*g - 4*g = -2*o - 14. Suppose 0 = a - 2 + o. Calculate x(a).
11
Let z(w) = -w**2. Let q(l) = 2*l**2 - 2. Let a(m) = -q(m) - 3*z(m). Calculate a(0).
2
Suppose -4*b = -2*z + 18, z = -3*z - b + 9. Suppose -z = -x - 0*x. Let m(g) = 2 - 2*g + 0*g + 3*g. What is m(x)?
5
Let v(b) = 5*b**2 + 10*b - 13. Let o(t) = -9*t**2 - 20*t + 26. Let x(p) = 6*o(p) + 11*v(p). What is x(9)?
4
Let h(s) = 2 - 8*s + 4 - 3 + 3*s. Let o(y) = 9*y - 6. Let a(d) = 5*h(d) + 2*o(d). Give a(2).
-11
Let l(o) = o**2 + 4. Suppose -f + 5*t = -12, -3 = -f + t + t. Determine l(f).
13
Let r(k) = 4*k**2 + 1 - 3 - 2*k**2. Let b be (0 + 1 - 3) + 0. Let y be 1/b*(2 + 2). What is r(y)?
6
Let x(m) = 6*m. Suppose 3*o - a = 14, 10 - 33 = -5*o + 2*a. Suppose 2*q - 1 = z - 0*q, 5*z + o*q = -5. Calculate x(z).
-6
Let x(w) = 2*w - 3. Let v(k) = k**2 - 6*k + 6. Let l be v(7). Suppose -5*t = 2*f - 33, -8 = -4*t + 3*f - 0. Suppose -t*o = -l - 12. Determine x(o).
7
Let d be (-1)/(1/(-1))*1. Let g = 2 + d. Let s(f) = 2*f - 4. Determine s(g).
2
Let c = -39 + 34. Let d(f) = -f + 5. What is d(c)?
10
Let m(o) = o. Let t(y) = -4*y - 12. Let b(g) = -5*m(g) - t(g). What is b(10)?
2
Let d(x) = -1 - 4*x**3 + 2*x**2 + 3*x**3 + 0. Suppose -2*v + 3*w + 6 = 2, 0 = -4*v - 3*w + 8. Give d(v).
-1
Let a(u) = 4*u**2 - 8*u + 4. Let q(p) = 11*p**2 - 23*p + 12. Let h(t) = 8*a(t) - 3*q(t). Determine h(3).
2
Let c(m) = -m**3 - 2*m**2 + m - 1. Suppose 60 = 5*x + 10. Let r be (12/(-15))/(4/x). Give c(r).
-3
Let y(o) = 0*o**2 - 2*o**2 - 1 + 6*o**2 - 6*o**2. Determine y(3).
-19
Let k(s) = s**3 - 8*s**2 + 7*s + 5. Let r = 25 - 17. Suppose -r*f + 28 = -4*f. Determine k(f).
5
Suppose -3*i = 5*a + 7, 3*i - 4*a = a - 17. Let l(t) = 6*t**2 - t + 5. Let p(m) = 5*m**2 - m + 4. Let n(d) = i*p(d) + 3*l(d). Calculate n(1).
-2
Let q(k) = 3*k - 2 - k + 3*k - 2*k. What is q(4)?
10
Let m = -4 - -5. Let r be m + 1 + 0 + 7. Let w be (-3)/r + (-26)/(-6). Let u(x) = -x**2 + 3*x + 5. What is u(w)?
1
Let v = 12 + -18. Let u(b) = -b**2 - 7*b + 4. Determine u(v).
10
Let y(g) = 10*g**2 + 11*g + 2. Let s(h) = 7*h**2 + 7*h + 1. Let j(z) = -7*s(z) + 5*y(z). Calculate j(-5).
-2
Let d = -6 + 3. Let t be d/(-5) - (-56)/(-10). Let i(h) = h**2 + 5*h + 5. Give i(t).
5
Suppose -8 = x - 5. Suppose -3*v + 2*v = -4. Let t(k) = -5*k**2 - 4*k**3 - k - v + 0*k + 3*k**3 - 4*k. Give t(x).
-7
Let h(y) = 4*y + 1. Suppose -f + 4 = f, 4*b + 98 = -f. Let z = b + 29. Give h(z).
17
Let s(g) = -g. Suppose 1 - 5 = 4*b. Let f(t) = 3*t - 10. Let w(n) = b*f(n) - 5*s(n). Determine w(-7).
-4
Let t(w) = w - 4. Suppose 3 = o - 3. Give t(o).
2
Let d(v) = v**2 - 4. Let p be d(0). Let o be (-4)/(-6)*6/p. Let c(w) = -100*w**3 - 97*w**3 + 188*w**3 - w. What is c(o)?
10
Suppose -f = 3*f - 52. Suppose -f - 13 = 2*y - 5*h, -4*y = 4*h - 4. Let o(s) = -64 - 3*s**2 + 4*s**2 + 61. Calculate o(y).
6
Let w be 1/(-4 + (-54)/(-12)). Let i(d) = 8*d + 2. Determine i(w).
18
Let j = 6 + -10. Let l be j/(-6) + 35/15. Suppose 4*g - 24 = l*o, -2*g - 5 = -g + 2*o. Let p(c) = 3*c - 2. Calculate p(g).
7
Suppose 0 = 70*x - 64*x + 54. Let h(y) = y + 7. Determine h(x).
-2
Let d(f) = 4*f - 2. Suppose 4*m - 5*g - 10 = 0, 6 = 4*m - 4*g + g. Suppose m = 4*j + 3*v + 7, 4*j + 0*v - 28 = 4*v. What is d(j)?
6
Let a be (-51)/18 - 3/18. Let f be (a/2)/((-6)/16). Let y(w) be the second derivative of w**4/12 - w**3/3 - 2*w**2 - w. Give y(f).
4
Suppose 10*h - 5*h = 25. Let a(n) = -4*n**2 + 4*n + 